m) = 5*m + 2*m - 1 - 4*m + 3*m**2 - 2*m**2 + m**3. Is w(4) a composite number?
True
Let c be 21/(0 + 1/3). Suppose -p - 15 = 4*a - 5*a, -3*a = 3*p - c. Suppose 3*q - 4*r - 61 = 0, -a - 37 = -3*q - 2*r. Is q a composite number?
False
Let t = -113 + 1080. Is t a composite number?
False
Let m = -3 - -9. Let j = 7 - m. Suppose 0 = 5*y - w - 60, 2*y - 2*w = 3*w + j. Is y a composite number?
False
Suppose 4*d = 3*l, 7*l - 27 = 4*l - 5*d. Is l prime?
False
Suppose -4*i - 9 = -1. Let y be (i + -1)/(1/(-3)). Suppose -y = -3*k + 36. Is k a prime number?
False
Let m be 4210/12 + (-4)/(-24). Suppose -2086 = -5*l - m. Is l a prime number?
True
Let v = 159 - -34. Let n = -162 - -343. Suppose v + n = 2*p. Is p a composite number?
True
Let f = 5 + -3. Suppose 6 = f*j - 46. Is j a composite number?
True
Let r(p) = -9*p - 4. Let z be r(-9). Let g = -34 + z. Is g composite?
False
Let o = 123 + 259. Is o a prime number?
False
Suppose -4*n - 1 = -9. Suppose m = -5*l + 2 - 23, 3*m - n = -2*l. Suppose -m = -h - 2, -3*x - 2*h + 199 = 0. Is x composite?
True
Let d = -1 + -5. Let l be 4/((-3)/30 - (2 - 2)). Let o = d - l. Is o composite?
True
Let g(n) = -4*n + 3*n - 2 - 1. Let p be g(-5). Suppose v - 36 = -p. Is v a composite number?
True
Let p(z) = 2*z**3 - 7*z - 10. Is p(9) prime?
False
Let f(y) = y**2 - 5*y - 13. Is f(-7) a prime number?
True
Let d(v) = -219*v - 1. Let o be d(-1). Suppose -4*t + o - 62 = 0. Is t a composite number?
True
Let t be (34/(-6))/(1/6). Let h = 55 + t. Is h prime?
False
Suppose 0*t + 4*q = 4*t - 4, 4*t + 4*q + 36 = 0. Let s(f) = -3*f**3 - 5*f**2 - 3*f + 3. Is s(t) a prime number?
True
Let n(r) = r - 2. Let q be n(4). Is q/(4/148*1) prime?
False
Let n(f) = -225*f - 2. Is n(-1) a prime number?
True
Suppose -2*t - 5 = 3*t, -3*t = 3*m - 1452. Is m composite?
True
Suppose 316 = -2*m - 62. Let s be ((-2)/(-1))/((-14)/m). Let g = -16 + s. Is g prime?
True
Let m(z) be the third derivative of 13*z**5/30 + z**4/8 - z**3/3 + 7*z**2. Is m(-3) prime?
True
Suppose -4*g + 3*p + 469 = -262, 3*g + 5*p - 570 = 0. Suppose 2*q + 3*t - g = -3*q, -5*q + 3*t = -155. Is q a composite number?
True
Let k be 240 - 0 - (-2 - -3). Suppose 2*y = 5*m - 1202 - 41, m - k = -2*y. Is m a prime number?
False
Suppose 68 = 5*i - 57. Is i a prime number?
False
Suppose 2*b - 5*t - 148 = 126, 2*b + 3*t = 258. Suppose w = 2*w - 3*y - b, -w = y - 120. Is w a composite number?
True
Let q = 3 + -1. Suppose 0 = -3*l + q*x + 26 + 173, -333 = -5*l + 4*x. Is l a composite number?
True
Let i(m) be the second derivative of -m**4/12 + 5*m**3/6 + 7*m**2/2 - m. Let y be i(6). Is 8 + -8 - (-35)/y a composite number?
True
Suppose t - 2 + 0 = 0. Is (35/21)/(t/18) composite?
True
Let u(a) = 2*a**2 + 67. Let i = -6 - -6. Is u(i) prime?
True
Is (1 - -2557) + (-13 - -12) composite?
False
Let v(o) = -o + 1. Let t(y) = -5*y + 6. Let x(m) = -2*t(m) + 6*v(m). Suppose 5*g - 10 = 10. Is x(g) a prime number?
False
Suppose 0 = 40*a - 38*a - 1498. Is a a composite number?
True
Let o(b) = b - 6. Let u be o(10). Suppose -u*x + 17 - 5 = 0. Is x composite?
False
Suppose 12 + 0 = 3*n. Suppose 3*s + 95 = n*s. Suppose 3*c + j - s = -c, 0 = -c - 5*j. Is c prime?
False
Let p = 892 - 539. Suppose -5*h + p = -542. Is h prime?
True
Is 4/24*3*158 a prime number?
True
Suppose 0 = -3*j + 12, j + 1000 = 2*i + 2*i. Is i prime?
True
Let z(y) = y**2 - 2*y - 3. Let p be z(3). Suppose -2*a = -p*a - 100. Suppose a = -l + 3*l. Is l composite?
True
Suppose 2*f + 5*c + 2 - 1 = 0, c + 3 = f. Suppose f*x - 3*x = -54. Let h = x - 7. Is h a prime number?
True
Let r(i) = 9 + 12 + 73*i - 10. Is r(6) prime?
True
Let c(m) = 6 - 13 + m**2 - 6*m + 5. Is c(-4) a composite number?
True
Suppose 0 = 2*p - k - 355 - 329, 3*p + 2*k - 1012 = 0. Suppose -11*j - p = -15*j. Is j composite?
True
Let d be (-21)/(-6)*36/21. Let r = 15 + d. Is r prime?
False
Suppose 2*c = -4*s - 244, 3*c + s = 2*c - 126. Let r = c + 227. Is r a prime number?
True
Suppose 4*x - x - 207 = 0. Suppose x = -2*q + 5*q. Is q prime?
True
Let a be (-3)/(2 + 83/(-40)). Suppose -a = 2*n - 362. Is n a composite number?
True
Suppose m - 83 = 199. Suppose 17 = 3*h - 49. Is m/h - (-4)/22 prime?
True
Suppose 5*n + 17 = -5*z + 42, 3*z = 3*n - 3. Suppose z*v + 3*v - 185 = -3*h, -h - 74 = -2*v. Is v prime?
True
Let n(m) = 240*m - 55. Is n(6) a composite number?
True
Let p = -1 + 2. Let c = p + 3. Suppose m + 5*h - 107 = 20, c*h = 4*m - 508. Is m a composite number?
False
Let b(d) = -327*d + 1. Let h be b(1). Let i = h + 1677. Is i a prime number?
False
Let i(t) = -4*t**2 - 5*t - 6. Let z(u) be the first derivative of u**3/3 + u**2/2 - 2. Let c(j) = i(j) + 5*z(j). Is c(-5) a prime number?
True
Suppose 4*w - 16 = -2*a, 5*a + 2 = -w + 6. Suppose j + 2*j + 4*l - 895 = 0, -j - l + 299 = a. Is j composite?
True
Suppose -3*s + 70 = n, 0 = s + 8*n - 3*n. Suppose 5*d = -s - 0. Let w(m) = 3*m**2 + 3*m + 5. Is w(d) prime?
False
Suppose 70 = 3*z + 13. Is z a prime number?
True
Let r = 1261 - 152. Is r a composite number?
False
Let a(h) = -67*h + 28. Is a(-9) a composite number?
False
Let i = -493 - -1242. Suppose 3*m + 2*c - 631 = 0, -3*m - 113 + i = -3*c. Is m a composite number?
False
Let g be (-4)/((-4)/47) + 0. Let o = -31 - g. Let x = 227 + o. Is x a prime number?
True
Let q be (0 + -1)/(1/3). Let y be 3/q + 3 - -1. Suppose -466 + 124 = -4*k - y*p, 2*p = -4*k + 344. Is k composite?
True
Let d(r) = -2*r + 1 + 3*r**2 + 62*r**3 - 3*r**2 + r**2. Is d(1) composite?
True
Suppose 4*w - 7*w = -711. Is w a prime number?
False
Suppose 4*y = -4*t - 632, 5*y + t = -479 - 295. Is (0 + 3/(-6))*y a composite number?
True
Suppose 2*o - u - 5 = 3*o, 3*u + 15 = -2*o. Let w(j) = -2*j**2 - 3*j - 374. Let r(k) = 3*k**2 + 4*k + 375. Let t(i) = -3*r(i) - 4*w(i). Is t(o) composite?
True
Let h be 105/(-7)*(-8)/10. Is (44/h)/(1/3) a composite number?
False
Let n be (-9)/6*(-3 + -31). Suppose j - 2 = n. Is j a composite number?
False
Suppose 5*i + 190 = 1125. Is i a composite number?
True
Is ((-4)/10)/((-16)/1360) a prime number?
False
Let f(q) = 3*q**3 + 4*q - 5. Let m be f(5). Suppose 4*z - m - 318 = 0. Is z composite?
True
Let z(h) = -21*h - 13. Let d be z(7). Let m = 537 + d. Is m a prime number?
False
Let v be (-42)/11 - 2/11. Let o be 140/(-6) + v/(-12). Let b = 49 + o. Is b composite?
True
Let o(x) = 2*x - 2. Let l be o(3). Suppose -920 = -l*c - 120. Let p = c + -131. Is p composite?
True
Let p be ((-3)/(-2))/(48/256). Is p/(-3 - -1) - -89 prime?
False
Let x(c) = c**2 - c + 8 - 7 - c**2 + 54*c**3. Is x(2) a composite number?
False
Let l(x) = -7*x + 11. Is l(-8) composite?
False
Suppose -1 - 3 = 2*r. Is 3 + 745 + 3 + r composite?
True
Suppose 0 = -3*q - 2*d + 802, 0 = 4*q + 3*d - 4*d - 1084. Let u = 493 - q. Is u composite?
False
Suppose 4*d = -0 + 24. Let m(q) = 14*q**3 - 12*q**2 + q + 8. Let l(o) = -5*o**3 + 4*o**2 - 3. Let x(y) = 11*l(y) + 4*m(y). Is x(d) a composite number?
True
Suppose 0 = 5*m - 2*q - 45, 0 = -2*m + 3*m - 5*q - 32. Suppose 35 = m*c - 2*c. Is c composite?
False
Let z(s) = s - 10. Let w be z(12). Is 46*-1*(-11)/w prime?
False
Suppose 0 = 5*p - p - r - 10, -p = -4*r + 5. Suppose 138 + 24 = p*h. Suppose -4*u = g - 53 - 4, u - h = -g. Is g a composite number?
False
Suppose -5*a + 0*b + 4*b + 37 = 0, 0 = b + 3. Suppose -a*g = -7 - 13. Suppose g*f - 12 = 0, 5*m - f = 3*m + 127. Is m composite?
True
Let k(a) = -3*a - a**2 + 3*a - 128*a**3. Is k(-1) composite?
False
Is ((-4)/8)/(2/(-892)) a prime number?
True
Let g be 2*(14/4)/1. Let c(y) = 6*y - 3. Is c(g) composite?
True
Suppose -3*n - 2*n = -20. Let c(i) = n*i + 15*i - 2*i. Is c(7) composite?
True
Let p = 9 - 13. Let y be (4*(-2 + -1))/(-1). Is p/y - (-968)/6 prime?
False
Let u(i) = -32*i**2 - 2. Let k be u(-2). Let v = k - -353. Is v prime?
True
Let p be (-6)/(-3) + -2 - -2. Let v(d) = 0*d**2 - 2*d + 8*d**p + d**3 + 3 - 12. Is v(-8) a prime number?
True
Let t(r) = -2181*r - 2. Is t(-1) composite?
False
Suppose 0 = 2*n + 3*n - 2*j, 3*n + 9 = 3*j. Let w(x) = 3*x**2 - 2*x + 1. Let a be w(1). Suppose 3*o - 3 = 3*t, -n*t - 4*o = -5*o - a. Is t a composite number?
False
Let y(g) = 45*g**3 - 3*g**2 + 3*g - 4. Is y(3) composite?
False
Suppose 3*o - 9 = -2*d - 2, 0 = 3*o + 3*d - 6. Suppose 3*r - 2*r - 5*l - 23 = 0, -3*l = o*r + 3. Suppose 28 = r*x + x. Is x